{"id":129,"date":"2020-05-11T16:39:45","date_gmt":"2020-05-11T16:39:45","guid":{"rendered":"http:\/\/kita-sulzdorf.de\/?page_id=129"},"modified":"2020-05-27T18:07:49","modified_gmt":"2020-05-27T18:07:49","slug":"eingewoehnung","status":"publish","type":"page","link":"https:\/\/kita-sulzdorf.de\/?page_id=129","title":{"rendered":"Eingew\u00f6hnung"},"content":{"rendered":"\n<p>Der Eintritt in unserer Kita stellt f\u00fcr das Kind eine \u00dcbergangssituation dar. F\u00fcr ihr Kind bedeutet das in den ersten Wochen eine fremde Welt in fremden R\u00e4umen. Es ist umgeben von fremden Menschen. Ihr Kind muss Beziehungen zu ihm unbekannten Betreuungspersonen aufbauen. Auch das Zusammensein mit vielen Kindern ist ungewohnt und neu. Das Kind muss seinen gewohnten Tagesablauf dem unseres Hauses anpassen. Und es muss eine mehrst\u00fcndige Trennung von Ihnen verkraften. Die Erfahrungen, die das Kind in dieser ersten \u00dcbergangssituation macht, sind pr\u00e4gend f\u00fcr sein weiteres Leben, deshalb ist eine positive Erfahrung sehr wichtig.<br>Aus der Bindungsforschung wei\u00df man, dass auch sehr junge Kinder in der Lage sind, zu mehreren Bezugspersonen eine Bindung aufzubauen. Dieser Bindungsaufbau bedarf jedoch der Anwesenheit einer vertrauten Bezugsperson.<br>Der Eingew\u00f6hnungs-Prozess ist in unserer Kita so gestaltet, dass Ihr Kind versteht: &#8222;Ich werde nicht alleine gelassen&#8220;.<br>Damit wird die Grundlage daf\u00fcr geschaffen, dass sich das Kind bei uns wohl f\u00fchlen kann. Eine sanfte Eingew\u00f6hnung tr\u00e4gt viel zu einem leichten Start bei.<\/p>\n","protected":false},"excerpt":{"rendered":"<p>Der Eintritt in unserer Kita stellt f\u00fcr das Kind eine \u00dcbergangssituation dar. F\u00fcr ihr Kind bedeutet das in den ersten Wochen eine fremde Welt in fremden R\u00e4umen. Es ist umgeben von fremden Menschen. Ihr Kind muss Beziehungen zu ihm unbekannten Betreuungspersonen aufbauen. Auch das Zusammensein mit vielen Kindern ist ungewohnt <a class=\"continue-reading-link\" href=\"https:\/\/kita-sulzdorf.de\/?page_id=129\"><\/a><\/p>\n","protected":false},"author":1,"featured_media":257,"parent":0,"menu_order":0,"comment_status":"closed","ping_status":"closed","template":"","meta":{"footnotes":""},"class_list":["post-129","page","type-page","status-publish","has-post-thumbnail","hentry"],"_links":{"self":[{"href":"https:\/\/kita-sulzdorf.de\/index.php?rest_route=\/wp\/v2\/pages\/129","targetHints":{"allow":["GET"]}}],"collection":[{"href":"https:\/\/kita-sulzdorf.de\/index.php?rest_route=\/wp\/v2\/pages"}],"about":[{"href":"https:\/\/kita-sulzdorf.de\/index.php?rest_route=\/wp\/v2\/types\/page"}],"author":[{"embeddable":true,"href":"https:\/\/kita-sulzdorf.de\/index.php?rest_route=\/wp\/v2\/users\/1"}],"replies":[{"embeddable":true,"href":"https:\/\/kita-sulzdorf.de\/index.php?rest_route=%2Fwp%2Fv2%2Fcomments&post=129"}],"version-history":[{"count":3,"href":"https:\/\/kita-sulzdorf.de\/index.php?rest_route=\/wp\/v2\/pages\/129\/revisions"}],"predecessor-version":[{"id":191,"href":"https:\/\/kita-sulzdorf.de\/index.php?rest_route=\/wp\/v2\/pages\/129\/revisions\/191"}],"wp:featuredmedia":[{"embeddable":true,"href":"https:\/\/kita-sulzdorf.de\/index.php?rest_route=\/wp\/v2\/media\/257"}],"wp:attachment":[{"href":"https:\/\/kita-sulzdorf.de\/index.php?rest_route=%2Fwp%2Fv2%2Fmedia&parent=129"}],"curies":[{"name":"wp","href":"https:\/\/api.w.org\/{rel}","templated":true}]}}