{"id":13,"date":"2020-05-05T19:15:17","date_gmt":"2020-05-05T19:15:17","guid":{"rendered":"http:\/\/kita-sulzdorf.de\/?page_id=13"},"modified":"2020-05-25T15:57:25","modified_gmt":"2020-05-25T15:57:25","slug":"krippenstrolche","status":"publish","type":"page","link":"https:\/\/kita-sulzdorf.de\/?page_id=13","title":{"rendered":"Die Krippenstrolche"},"content":{"rendered":"\n<p>Bei den Krippenstrolchen der Kita Sulzdorf finden 12 Kinder Platz, mit einem Alter ab 11 Monaten.<\/p>\n\n\n\n<p>Wir Elke, Silvia, Melissa und Mary betreuen ihre Kinder bei den Krippenstrolchen. Wir m\u00f6chten ihren Kindern t\u00e4glich eine Umgebung bieten, in der sie sich wohl f\u00fchlen und individuell gef\u00f6rdert werden. Wir gehen dabei feinf\u00fchlig auf die jeweiligen Bed\u00fcrfnisse der Kinder ein und geben ihnen stets Zuwendung oder Unterst\u00fctzung die sie gerade brauchen. So entwickeln sie sich langsam zu selbstbewu\u00dften, offenen und verantwortungsvollen Menschen. Durch unsere t\u00e4glichen Rituale wie Morgenkreis, Fr\u00fchst\u00fcck, Mittagessen, Schlafen wollen wir den Kindern feste Bez\u00fcge in ihrer Entwicklung geben und sie so an den Alltag heranf\u00fchren. Im Freispiel geben wir den Kindern die M\u00f6glichkeit selbst zu bestimmen was sie Tun m\u00f6chten. Sie d\u00fcrfen in Ruhe und Geborgenheit Neues entdecken und erlernen. Ebenfalls ist uns wichtig die Kinder in ihrer Bewegung zu f\u00f6rdern. Durch unseren fest eingebauten Bewegungsturm, den t\u00e4glichen Gang ins Freie, das freie Spiel in der Turnhalle oder beim w\u00f6chentlichen Turnen sollen die Kinder St\u00fcck f\u00fcr St\u00fcck ihr Bewegungsrepertoire lernen, ihre St\u00e4rken und F\u00e4higkeiten kennen und erweitern.<\/p>\n\n\n\n<div class=\"wp-block-image\"><figure class=\"aligncenter size-large\"><img fetchpriority=\"high\" decoding=\"async\" width=\"1024\" height=\"768\" src=\"http:\/\/kita-sulzdorf.de\/wp-content\/uploads\/2020\/05\/Krippenstrolche-1024x768.jpg\" alt=\"\" class=\"wp-image-171\" srcset=\"https:\/\/kita-sulzdorf.de\/wp-content\/uploads\/2020\/05\/Krippenstrolche-1024x768.jpg 1024w, https:\/\/kita-sulzdorf.de\/wp-content\/uploads\/2020\/05\/Krippenstrolche-300x225.jpg 300w, https:\/\/kita-sulzdorf.de\/wp-content\/uploads\/2020\/05\/Krippenstrolche-768x576.jpg 768w, https:\/\/kita-sulzdorf.de\/wp-content\/uploads\/2020\/05\/Krippenstrolche-1536x1152.jpg 1536w, https:\/\/kita-sulzdorf.de\/wp-content\/uploads\/2020\/05\/Krippenstrolche-2048x1536.jpg 2048w, https:\/\/kita-sulzdorf.de\/wp-content\/uploads\/2020\/05\/Krippenstrolche-150x113.jpg 150w\" sizes=\"(max-width: 1024px) 100vw, 1024px\" \/><\/figure><\/div>\n","protected":false},"excerpt":{"rendered":"<p>Bei den Krippenstrolchen der Kita Sulzdorf finden 12 Kinder Platz, mit einem Alter ab 11 Monaten. Wir Elke, Silvia, Melissa und Mary betreuen ihre Kinder bei den Krippenstrolchen. Wir m\u00f6chten ihren Kindern t\u00e4glich eine Umgebung bieten, in der sie sich wohl f\u00fchlen und individuell gef\u00f6rdert werden. Wir gehen dabei feinf\u00fchlig <a class=\"continue-reading-link\" href=\"https:\/\/kita-sulzdorf.de\/?page_id=13\"><\/a><\/p>\n","protected":false},"author":1,"featured_media":189,"parent":0,"menu_order":0,"comment_status":"closed","ping_status":"closed","template":"","meta":{"footnotes":""},"class_list":["post-13","page","type-page","status-publish","has-post-thumbnail","hentry"],"_links":{"self":[{"href":"https:\/\/kita-sulzdorf.de\/index.php?rest_route=\/wp\/v2\/pages\/13","targetHints":{"allow":["GET"]}}],"collection":[{"href":"https:\/\/kita-sulzdorf.de\/index.php?rest_route=\/wp\/v2\/pages"}],"about":[{"href":"https:\/\/kita-sulzdorf.de\/index.php?rest_route=\/wp\/v2\/types\/page"}],"author":[{"embeddable":true,"href":"https:\/\/kita-sulzdorf.de\/index.php?rest_route=\/wp\/v2\/users\/1"}],"replies":[{"embeddable":true,"href":"https:\/\/kita-sulzdorf.de\/index.php?rest_route=%2Fwp%2Fv2%2Fcomments&post=13"}],"version-history":[{"count":4,"href":"https:\/\/kita-sulzdorf.de\/index.php?rest_route=\/wp\/v2\/pages\/13\/revisions"}],"predecessor-version":[{"id":175,"href":"https:\/\/kita-sulzdorf.de\/index.php?rest_route=\/wp\/v2\/pages\/13\/revisions\/175"}],"wp:featuredmedia":[{"embeddable":true,"href":"https:\/\/kita-sulzdorf.de\/index.php?rest_route=\/wp\/v2\/media\/189"}],"wp:attachment":[{"href":"https:\/\/kita-sulzdorf.de\/index.php?rest_route=%2Fwp%2Fv2%2Fmedia&parent=13"}],"curies":[{"name":"wp","href":"https:\/\/api.w.org\/{rel}","templated":true}]}}